*p**2 + 459*p + 23. Determine i(20).
3
Let v(o) = -3*o**2 + 3*o + 19. What is v(6)?
-71
Let j(d) = 3*d + 36. Give j(-19).
-21
Let d(n) = 29*n**2 + 5*n + 5. Determine d(-1).
29
Let l(g) = -g**2 + 9*g + 29. Calculate l(14).
-41
Let h(z) = z**3 + 8*z**2 + 12*z - 6. Determine h(-5).
9
Let v(g) = 3*g**2 - 2*g + 2. What is v(3)?
23
Let j(y) = -26*y - 10. Determine j(0).
-10
Let c(q) = 2*q + 14. Calculate c(-14).
-14
Let z(i) = -69*i**3 - 2*i**2 - i + 2. What is z(1)?
-70
Let n(g) = g**2 + 10*g + 3. Determine n(-6).
-21
Let j(z) = 4*z - 1. Calculate j(2).
7
Let q(b) = b**2 - 70*b + 204. What is q(67)?
3
Let d(l) = l**3 + 3*l**2 - 17*l - 26. Give d(-5).
9
Let d(i) = -i**3 - 2*i**2 + 4*i + 6. Calculate d(-3).
3
Let u(i) = -10*i**2 + 2. Calculate u(-2).
-38
Let n(x) = -x - 35. Determine n(-15).
-20
Let c(o) = -3*o - 10. Determine c(-6).
8
Let s(f) = -2*f**2 - f + 10. Determine s(-4).
-18
Let t(y) = 2*y**2 + 26*y + 6. What is t(-13)?
6
Let y(j) = -2*j**2 - j + 1. Give y(-1).
0
Let h(v) = v**3 + 8*v**2 + 14*v + 7. Calculate h(-4).
15
Let q(w) = -9*w**3 - w**2. Determine q(-1).
8
Let a(h) = -h**3 + 4*h**2 + 8*h - 11. What is a(5)?
4
Let z(n) = -5*n**2 + 25*n - 17. Calculate z(4).
3
Let t(a) = -a**3 - 9*a**2 - 8*a + 2. Give t(-3).
-28
Let r(j) = -2*j - 3. Determine r(2).
-7
Let n(z) = -8*z - 70. What is n(-8)?
-6
Let k(p) = 3*p - 2. Determine k(7).
19
Let c(w) = 14*w**2 - w - 1. Calculate c(-1).
14
Let h(j) = 2*j - 17. What is h(-5)?
-27
Let p(g) = 3*g - 2. Calculate p(-7).
-23
Let t(o) = -60*o + 59. Calculate t(1).
-1
Let d(x) = 18*x - 867. Calculate d(49).
15
Let q(o) = o**2 + 13*o + 15. Calculate q(-11).
-7
Let r(w) = -4*w + 53. What is r(14)?
-3
Let b(h) = h**3 - 9*h**2 + 4*h - 14. Determine b(9).
22
Let u(r) = r - 6. What is u(8)?
2
Let v(g) = g**3 - 4*g**2 - 3*g - 4. Determine v(5).
6
Let y(l) = l**3 + 15*l**2 - 12*l - 32. Give y(-15).
148
Let b(m) = m**3 + 5*m**2 + 7*m + 6. Determine b(-4).
-6
Let b(p) = p**2 + 20*p - 121. Calculate b(-25).
4
Let r(i) = i - 4. Determine r(-15).
-19
Let b(n) = n**2 + 2*n - 3. Calculate b(2).
5
Let p(v) = -v**3 - 7*v**2 + 9*v - 27. Give p(-9).
54
Let l(d) = -14*d - 5. Calculate l(0).
-5
Let g(v) = -v**2 + 2*v + 7. Give g(5).
-8
Let r(u) = u**2 + 23*u - 6. What is r(-23)?
-6
Let d(f) = -f + 8. What is d(15)?
-7
Let z(g) = -3*g**2 - 4*g - 1. Determine z(-4).
-33
Let s(z) = -z + 16. Give s(13).
3
Let t(w) = w**3 - 6*w**2 + 4*w - 10. What is t(6)?
14
Let s(a) = -a**2 - 2*a + 4. Calculate s(-5).
-11
Let q(c) = c**3 + 13*c**2 - 10*c + 49. What is q(-14)?
-7
Let x(z) = -10*z**2 - 2*z + 5. What is x(2)?
-39
Let x(u) = 2*u**2 - 12*u - 5. Calculate x(6).
-5
Let j(t) = -22*t - 162. Calculate j(-7).
-8
Let z(r) = -r**2 - 3*r + 10. Calculate z(4).
-18
Let o(s) = 8*s**2 - 1. What is o(1)?
7
Let b(t) = -2*t + 23. Calculate b(-14).
51
Let y(h) = 2*h**3 + 14*h**2 - h - 12. Calculate y(-7).
-5
Let v(n) = 2*n - 50. Give v(22).
-6
Let l(c) = c**2 - 5*c + 2. Determine l(7).
16
Let w(h) = -h**3 + 23*h**2 + 48*h + 45. Determine w(25).
-5
Let q(x) = x**2 - 45*x - 95. Determine q(47).
-1
Let j(p) = -p**2 - 11*p - 10. Give j(-7).
18
Let o(a) = 2*a - 3. Determine o(2).
1
Let s(p) = -p**2 + p - 2. Determine s(-2).
-8
Let y(f) = f**2 + f - 23. Determine y(-6).
7
Let f(i) = -7*i + 53. Determine f(7).
4
Let p(q) = 2*q**2 + 4*q - 4. What is p(-3)?
2
Let j(c) = -33*c - 87. Give j(-5).
78
Let k(i) = -i**2 + i + 14. Calculate k(0).
14
Let x(p) = -p + 4. What is x(7)?
-3
Let m(u) = -u**2 - 21*u - 29. What is m(-20)?
-9
Let n(s) = 13*s**2 + 8*s + 17. Calculate n(-2).
53
Let c(p) = -11*p**3 - 14*p + 13. Determine c(1).
-12
Let y(j) = 2*j + 1. Determine y(-7).
-13
Let p(o) = -o**2 + 8*o + 7. Determine p(7).
14
Let y(x) = 13*x + 29. Determine y(-3).
-10
Let w(q) = 3*q**2 + 6*q - 9. Calculate w(-4).
15
Let t(c) = 3*c**2 + 29*c + 64. Calculate t(-3).
4
Let d(m) = -m**3 - m - 5. Calculate d(3).
-35
Let l(x) = -x**3 + 12*x**2 - x + 17. What is l(12)?
5
Let h(g) = g**3 + 9*g**2 + 15*g - 26. What is h(-6)?
-8
Let y(z) = 58*z + 418. Give y(-7).
12
Let x(c) = c**2 + 13*c + 47. Give x(-6).
5
Let c(b) = 3*b**2 + 3*b + 2. Give c(-1).
2
Let g(t) = -t**2 - 16*t - 58. What is g(-5)?
-3
Let b(m) = -m**3 - 29*m**2 - m - 71. Determine b(-29).
-42
Let m(a) = a**2 - 14*a - 69. Calculate m(18).
3
Let j(h) = -h**2 + 3*h + 12. What is j(6)?
-6
Let i(s) = 7*s**2 + s. What is i(-1)?
6
Let o(c) = 2*c - 6. Calculate o(-4).
-14
Let w(k) = 4*k**2 + k + 3. Give w(-3).
36
Let j(w) = -w**2 - 16*w + 18. Determine j(-17).
1
Let k(u) = u**2 - 6*u + 10. Determine k(5).
5
Let b(m) = 2*m**3 - 12*m**2 + 21*m - 123. Determine b(6).
3
Let x(k) = -5*k**3 + 3*k**2 - 2*k + 2. Give x(2).
-30
Let v(a) = 4*a**2 - 4*a - 4. Determine v(3).
20
Let s(w) = 7*w + 7. Give s(-4).
-21
Let i(b) = 16*b + 54. Give i(-7).
-58
Let t(r) = 8*r - 12. Calculate t(8).
52
Let d(t) = -2*t - 20. Calculate d(-11).
2
Let q(n) = -7*n + 3. What is q(-1)?
10
Let y(a) = a + 14. Calculate y(0).
14
Let t(s) = -s**2 - 57*s + 107. Calculate t(2).
-11
Let x(p) = p**2 + 4*p - 33. Give x(-8).
-1
Let v(a) = a**2 + 16*a + 8. What is v(-12)?
-40
Let c(l) = -l + 4. Calculate c(6).
-2
Let h(d) = -d**3 + 7*d**2 - 6*d + 9. Calculate h(6).
9
Let d(g) = 4*g**2 + 29*g - 7. Calculate d(-7).
-14
Let j(s) = -2*s - 11. Give j(-2).
-7
Let i(b) = -6*b - 8. Calculate i(10).
-68
Let a(o) = -11*o + 123. What is a(12)?
-9
Let w(q) = -q**3 + 28*q**2 + 57*q + 91. Calculate w(30).
1
Let k(j) = j**2 + 16*j + 10. Determine k(-15).
-5
Let t(v) = 12*v - 160. Give t(14).
8
Let n(s) = 3*s**2 + s + 4. Give n(3).
34
Let h(n) = -n**3 - 13*n**2 - n - 15. Calculate h(-13).
-2
Let i(b) = -12*b**2 + 6*b - 5. Give i(1).
-11
Let u(x) = -24*x + 165. What is u(7)?
-3
Let g(s) = -s**2 - s - 8. Give g(-4).
-20
Let v(x) = x**3 + 12*x**2 + 21*x + 23. Calculate v(-10).
13
Let q(s) = s**3 + 7*s**2 + 2*s + 9. Calculate q(-6).
33
Let b(h) = -h**2 + 19*h - 89. Determine b(10).
1
Let j(o) = 10*o + 92. What is j(-7)?
22
Let z(d) = 2*d + 13. Give z(-11).
-9
Let j(n) = -n**3 + 4*n**2 + 2*n - 1. Determine j(-2).
19
Let c(k) = -k**2 + 6*k. Determine c(5).
5
Let f(r) = -r**3 + 4*r**2 + 7*r - 32. What is f(4)?
-4
Let b(m) = m**3 - 11*m**2 + 21*m + 19. Give b(7).
-30
Let o(f) = -f**2 - 43*f + 192. What is o(-47)?
4
Let k(b) = -6*b - 50. Determine k(-9).
4
Let c(j) = 29*j + 323. What is c(-11)?
4
Let u(l) = -l**3 - 6*l**2 - 6*l - 1. Determine u(-5).
4
Let n(i) = -11*i - 125. What is n(-12)?
7
Let z(p) = p**3 + 2*p**2 + 10*p + 6. Determine z(-3).
-33
Let y(r) = 31*r**2 - 5*r - 5. What is y(-1)?
31
Let x(t) = 4*t + 10. What is x(-3)?
-2
Let j(q) = q**3 - 17*q**2 + 14*q + 8. Determine j(16).
-24
Let t(g) = g**2 - 2*g - 1. Give t(-4).
23
Let j(k) = -3*k - 14. Give j(0).
-14
Let i(h) = -h**2 - 11*h - 26. Give i(-7).
2
Let x(s) = -s**2 + 10*s - 6. What is x(9)?
3
Let w(m) = -m**3 + 3*m**2 + m + 5. What is w(4)?
-7
Let o(h) = -43*h + 1. Calculate o(1).
-42
Let i(q) = -4*q - 22. Calculate i(-4).
-6
Let o(w) = w**3 - 14*w**2 + 22*w - 12. What is o(12)?
-36
Let f(k) = -8*k**2 + 8*k - 8. Calculate f(2).
-24
Let c(w) = -2*w**2 - 21*w - 7. What is c(-10)?
3
Let g(z) = -2*z**2 + 22*z + 10. What is g(11)?
10
Let t(c) = 37*c + 552. Give t(-15).
-3
Let a(n) = 21*n + 486. Give a(-23).
3
Let a(k) = -k**2 - 9*k - 8. What is a(-6)?
10
Let y(h) = 15*h + 120. Determine y(-10).
-30
Let x(q) = -2*q**3 + 5*q**2 - 5*q - 4. Give x(4).
-72
Let n(k) = -k**3 - 8*k**2 + 8*k. Calculate n(1).
-1
Let o(w) = -w**3 + 7*w**2 + 12*w - 28. Give o(8).
4
Let t(w) = -w - 26. What is t(-22)?
-4
Let v(i) = 20*i + 2. Give v(0).
2
Let v(a) = a**3 - 5*a**2 + 13*a - 15. Calculate v(4).
21
Let z(c) = -c**2 - 36*c - 74. Determine z(-33).
25
Let p(c) = 9*c - 58. What is p(8)?
14
Let q(z) = 6*z**2 - 28*z - 6. What is q(5)?
4
Let z(u) = u**2 - 6*u - 2. Determine z(8).
14
Let d(i) = -11*i**3 - i. Determine d(-1).
12
Let p(w) = -w**2 - 4*w + 5. Determine p(-4).
5
Let n(r) = -3*r - 88. Calculate n(-24).
-16
Let j(h) = -h**2 - 6*h + 38. Give j(-10).
-2
Let s(t) = -61*t**2 - 185*t + 2. Determine s(-3).
8
Let f(n) = 10*n**2 + 2*n. Give f(-2).
36
Let j(w) = -12*w + 1. Give j(-1).
13
Let d(y) = -y**3 - 3*y**2 - 6*y - 5. Calculate d(-3).
13
Let m(s) = s + 5. Determine m(9).
14
Let a(g) = -4*g**3 + 5*g - 1. Give a(2).
-23
Let p(s) = 3*s - 24. Determine 